{"id":1159,"date":"2022-01-22T17:42:43","date_gmt":"2022-01-22T16:42:43","guid":{"rendered":"https:\/\/gerardesteva.cat\/projectes\/wese-liderazgo-deportivo-femenino\/"},"modified":"2023-08-14T18:27:13","modified_gmt":"2023-08-14T16:27:13","slug":"wese-liderazgo-deportivo-femenino","status":"publish","type":"projectes","link":"https:\/\/gerardesteva.cat\/es\/projectes\/wese-liderazgo-deportivo-femenino\/","title":{"rendered":"WESE, liderazgo deportivo femenino"},"content":{"rendered":"<p>El <strong>WESE (Women Executive Sports Education)<\/strong> empodera a mujeres directivas del mundo del deporte. WESE es el <strong>primer posgrado de liderazgo deportivo femenino<\/strong>. Est\u00e1 impulsado por la Uni\u00f3 de Federacions Esportives de Catalunya (UFEC) en colaboraci\u00f3n con Euncet, y trabaja para conseguir apoderar a las mujeres directivas:<\/p>\n<ul>\n<li>Generando un cambio profundo en su forma de comprender y situarse ante el mundo.<\/li>\n<li>Facilitando herramientas de aplicaci\u00f3n inmediata al d\u00eda a d\u00eda directivo.<\/li>\n<li>Estableciendo redes de poder.<\/li>\n<\/ul>\n<p>WESE posee una metodolog\u00eda vivencial patentada. La experimentaci\u00f3n directa de los conceptos tratados hace que \u00e9stos sean interiorizados de forma natural e inmediata.<\/p>\n<p>WESE se basa en la investigaci\u00f3n cient\u00edfica y la experiencia directa de directivas en los \u00faltimos 20 a\u00f1os. Es libre de dogmas y no adscrito a ning\u00fan otro movimiento.<\/p>\n<p>&nbsp;<\/p>\n<p>M\u00e1s informaci\u00f3n en: <a href=\"https:\/\/ufec.cat\/academy\/\">https:\/\/ufec.cat\/academy\/<\/a><\/p>\n<p><a href=\"https:\/\/www.gerardesteva.cat\/wp-content\/uploads\/2022\/09\/210308_8M_CursWESE_foto1-1-scaled.jpg\"><img fetchpriority=\"high\" decoding=\"async\" class=\"wp-image-19659 size-large alignleft\" src=\"https:\/\/gerardesteva.cat\/wp-content\/uploads\/2023\/08\/210308_8M_CursWESE_foto1-1-1024x512-1.jpg\" alt=\"\" width=\"1024\" height=\"512\" \/><\/a><\/p>\n","protected":false},"featured_media":1000,"template":"","class_list":["post-1159","projectes","type-projectes","status-publish","has-post-thumbnail","hentry"],"yoast_head":"<!-- This site is optimized with the Yoast SEO plugin v27.5 - https:\/\/yoast.com\/product\/yoast-seo-wordpress\/ -->\n<title>WESE, liderazgo deportivo femenino - Gerard Esteva<\/title>\n<meta name=\"robots\" content=\"index, follow, max-snippet:-1, max-image-preview:large, max-video-preview:-1\" \/>\n<link rel=\"canonical\" href=\"https:\/\/gerardesteva.cat\/es\/projectes\/wese-liderazgo-deportivo-femenino\/\" \/>\n<meta property=\"og:locale\" content=\"es_ES\" \/>\n<meta property=\"og:type\" content=\"article\" \/>\n<meta property=\"og:title\" content=\"WESE, liderazgo deportivo femenino - Gerard Esteva\" \/>\n<meta property=\"og:description\" content=\"Empoderamiento de mujeres directivas en el mundo del deporte\" \/>\n<meta property=\"og:url\" content=\"https:\/\/gerardesteva.cat\/es\/projectes\/wese-liderazgo-deportivo-femenino\/\" \/>\n<meta property=\"og:site_name\" content=\"Gerard Esteva\" \/>\n<meta property=\"article:modified_time\" content=\"2023-08-14T16:27:13+00:00\" \/>\n<meta property=\"og:image\" content=\"https:\/\/gerardesteva.cat\/wp-content\/uploads\/2023\/08\/210308_8M_CursWESE_foto1-1-scaled-1.jpg\" \/>\n\t<meta property=\"og:image:width\" content=\"2560\" \/>\n\t<meta property=\"og:image:height\" content=\"1280\" \/>\n\t<meta property=\"og:image:type\" content=\"image\/jpeg\" \/>\n<meta name=\"twitter:card\" content=\"summary_large_image\" \/>\n<meta name=\"twitter:label1\" content=\"Tiempo de lectura\" \/>\n\t<meta name=\"twitter:data1\" content=\"1 minuto\" \/>\n<script type=\"application\/ld+json\" class=\"yoast-schema-graph\">{\"@context\":\"https:\\\/\\\/schema.org\",\"@graph\":[{\"@type\":\"WebPage\",\"@id\":\"https:\\\/\\\/gerardesteva.cat\\\/es\\\/projectes\\\/wese-liderazgo-deportivo-femenino\\\/\",\"url\":\"https:\\\/\\\/gerardesteva.cat\\\/es\\\/projectes\\\/wese-liderazgo-deportivo-femenino\\\/\",\"name\":\"WESE, liderazgo deportivo femenino - Gerard Esteva\",\"isPartOf\":{\"@id\":\"https:\\\/\\\/gerardesteva.cat\\\/es\\\/#website\"},\"primaryImageOfPage\":{\"@id\":\"https:\\\/\\\/gerardesteva.cat\\\/es\\\/projectes\\\/wese-liderazgo-deportivo-femenino\\\/#primaryimage\"},\"image\":{\"@id\":\"https:\\\/\\\/gerardesteva.cat\\\/es\\\/projectes\\\/wese-liderazgo-deportivo-femenino\\\/#primaryimage\"},\"thumbnailUrl\":\"https:\\\/\\\/gerardesteva.cat\\\/wp-content\\\/uploads\\\/2023\\\/08\\\/210308_8M_CursWESE_foto1-1-scaled-1.jpg\",\"datePublished\":\"2022-01-22T16:42:43+00:00\",\"dateModified\":\"2023-08-14T16:27:13+00:00\",\"breadcrumb\":{\"@id\":\"https:\\\/\\\/gerardesteva.cat\\\/es\\\/projectes\\\/wese-liderazgo-deportivo-femenino\\\/#breadcrumb\"},\"inLanguage\":\"es\",\"potentialAction\":[{\"@type\":\"ReadAction\",\"target\":[\"https:\\\/\\\/gerardesteva.cat\\\/es\\\/projectes\\\/wese-liderazgo-deportivo-femenino\\\/\"]}]},{\"@type\":\"ImageObject\",\"inLanguage\":\"es\",\"@id\":\"https:\\\/\\\/gerardesteva.cat\\\/es\\\/projectes\\\/wese-liderazgo-deportivo-femenino\\\/#primaryimage\",\"url\":\"https:\\\/\\\/gerardesteva.cat\\\/wp-content\\\/uploads\\\/2023\\\/08\\\/210308_8M_CursWESE_foto1-1-scaled-1.jpg\",\"contentUrl\":\"https:\\\/\\\/gerardesteva.cat\\\/wp-content\\\/uploads\\\/2023\\\/08\\\/210308_8M_CursWESE_foto1-1-scaled-1.jpg\",\"width\":2560,\"height\":1280},{\"@type\":\"BreadcrumbList\",\"@id\":\"https:\\\/\\\/gerardesteva.cat\\\/es\\\/projectes\\\/wese-liderazgo-deportivo-femenino\\\/#breadcrumb\",\"itemListElement\":[{\"@type\":\"ListItem\",\"position\":1,\"name\":\"Inici\",\"item\":\"https:\\\/\\\/gerardesteva.cat\\\/es\\\/inicio\\\/\"},{\"@type\":\"ListItem\",\"position\":2,\"name\":\"Projectes\",\"item\":\"https:\\\/\\\/gerardesteva.cat\\\/es\\\/projectes\\\/\"},{\"@type\":\"ListItem\",\"position\":3,\"name\":\"WESE, liderazgo deportivo femenino\"}]},{\"@type\":\"WebSite\",\"@id\":\"https:\\\/\\\/gerardesteva.cat\\\/es\\\/#website\",\"url\":\"https:\\\/\\\/gerardesteva.cat\\\/es\\\/\",\"name\":\"Gerard Esteva\",\"description\":\"M\u00e9s enll\u00e0 de l&#039;esport\",\"potentialAction\":[{\"@type\":\"SearchAction\",\"target\":{\"@type\":\"EntryPoint\",\"urlTemplate\":\"https:\\\/\\\/gerardesteva.cat\\\/es\\\/?s={search_term_string}\"},\"query-input\":{\"@type\":\"PropertyValueSpecification\",\"valueRequired\":true,\"valueName\":\"search_term_string\"}}],\"inLanguage\":\"es\"}]}<\/script>\n<!-- \/ Yoast SEO plugin. -->","yoast_head_json":{"title":"WESE, liderazgo deportivo femenino - Gerard Esteva","robots":{"index":"index","follow":"follow","max-snippet":"max-snippet:-1","max-image-preview":"max-image-preview:large","max-video-preview":"max-video-preview:-1"},"canonical":"https:\/\/gerardesteva.cat\/es\/projectes\/wese-liderazgo-deportivo-femenino\/","og_locale":"es_ES","og_type":"article","og_title":"WESE, liderazgo deportivo femenino - Gerard Esteva","og_description":"Empoderamiento de mujeres directivas en el mundo del deporte","og_url":"https:\/\/gerardesteva.cat\/es\/projectes\/wese-liderazgo-deportivo-femenino\/","og_site_name":"Gerard Esteva","article_modified_time":"2023-08-14T16:27:13+00:00","og_image":[{"width":2560,"height":1280,"url":"https:\/\/gerardesteva.cat\/wp-content\/uploads\/2023\/08\/210308_8M_CursWESE_foto1-1-scaled-1.jpg","type":"image\/jpeg"}],"twitter_card":"summary_large_image","twitter_misc":{"Tiempo de lectura":"1 minuto"},"schema":{"@context":"https:\/\/schema.org","@graph":[{"@type":"WebPage","@id":"https:\/\/gerardesteva.cat\/es\/projectes\/wese-liderazgo-deportivo-femenino\/","url":"https:\/\/gerardesteva.cat\/es\/projectes\/wese-liderazgo-deportivo-femenino\/","name":"WESE, liderazgo deportivo femenino - Gerard Esteva","isPartOf":{"@id":"https:\/\/gerardesteva.cat\/es\/#website"},"primaryImageOfPage":{"@id":"https:\/\/gerardesteva.cat\/es\/projectes\/wese-liderazgo-deportivo-femenino\/#primaryimage"},"image":{"@id":"https:\/\/gerardesteva.cat\/es\/projectes\/wese-liderazgo-deportivo-femenino\/#primaryimage"},"thumbnailUrl":"https:\/\/gerardesteva.cat\/wp-content\/uploads\/2023\/08\/210308_8M_CursWESE_foto1-1-scaled-1.jpg","datePublished":"2022-01-22T16:42:43+00:00","dateModified":"2023-08-14T16:27:13+00:00","breadcrumb":{"@id":"https:\/\/gerardesteva.cat\/es\/projectes\/wese-liderazgo-deportivo-femenino\/#breadcrumb"},"inLanguage":"es","potentialAction":[{"@type":"ReadAction","target":["https:\/\/gerardesteva.cat\/es\/projectes\/wese-liderazgo-deportivo-femenino\/"]}]},{"@type":"ImageObject","inLanguage":"es","@id":"https:\/\/gerardesteva.cat\/es\/projectes\/wese-liderazgo-deportivo-femenino\/#primaryimage","url":"https:\/\/gerardesteva.cat\/wp-content\/uploads\/2023\/08\/210308_8M_CursWESE_foto1-1-scaled-1.jpg","contentUrl":"https:\/\/gerardesteva.cat\/wp-content\/uploads\/2023\/08\/210308_8M_CursWESE_foto1-1-scaled-1.jpg","width":2560,"height":1280},{"@type":"BreadcrumbList","@id":"https:\/\/gerardesteva.cat\/es\/projectes\/wese-liderazgo-deportivo-femenino\/#breadcrumb","itemListElement":[{"@type":"ListItem","position":1,"name":"Inici","item":"https:\/\/gerardesteva.cat\/es\/inicio\/"},{"@type":"ListItem","position":2,"name":"Projectes","item":"https:\/\/gerardesteva.cat\/es\/projectes\/"},{"@type":"ListItem","position":3,"name":"WESE, liderazgo deportivo femenino"}]},{"@type":"WebSite","@id":"https:\/\/gerardesteva.cat\/es\/#website","url":"https:\/\/gerardesteva.cat\/es\/","name":"Gerard Esteva","description":"M\u00e9s enll\u00e0 de l&#039;esport","potentialAction":[{"@type":"SearchAction","target":{"@type":"EntryPoint","urlTemplate":"https:\/\/gerardesteva.cat\/es\/?s={search_term_string}"},"query-input":{"@type":"PropertyValueSpecification","valueRequired":true,"valueName":"search_term_string"}}],"inLanguage":"es"}]}},"_links":{"self":[{"href":"https:\/\/gerardesteva.cat\/es\/wp-json\/wp\/v2\/projectes\/1159","targetHints":{"allow":["GET"]}}],"collection":[{"href":"https:\/\/gerardesteva.cat\/es\/wp-json\/wp\/v2\/projectes"}],"about":[{"href":"https:\/\/gerardesteva.cat\/es\/wp-json\/wp\/v2\/types\/projectes"}],"wp:featuredmedia":[{"embeddable":true,"href":"https:\/\/gerardesteva.cat\/es\/wp-json\/wp\/v2\/media\/1000"}],"wp:attachment":[{"href":"https:\/\/gerardesteva.cat\/es\/wp-json\/wp\/v2\/media?parent=1159"}],"curies":[{"name":"wp","href":"https:\/\/api.w.org\/{rel}","templated":true}]}}

<p>El <strong>WESE (Women Executive Sports Education)</strong> empodera a mujeres directivas del mundo del deporte. WESE es el <strong>primer posgrado de liderazgo deportivo femenino</strong>. Está impulsado por la Unió de Federacions Esportives de Catalunya (UFEC) en colaboración con Euncet, y trabaja para conseguir apoderar a las mujeres directivas:</p>
<ul>
<li>Generando un cambio profundo en su forma de comprender y situarse ante el mundo.</li>
<li>Facilitando herramientas de aplicación inmediata al día a día directivo.</li>
<li>Estableciendo redes de poder.</li>
</ul>
<p>WESE posee una metodología vivencial patentada. La experimentación directa de los conceptos tratados hace que éstos sean interiorizados de forma natural e inmediata.</p>
<p>WESE se basa en la investigación científica y la experiencia directa de directivas en los últimos 20 años. Es libre de dogmas y no adscrito a ningún otro movimiento.</p>
<p>&nbsp;</p>
<p>Más información en: <a href="https://ufec.cat/academy/">https://ufec.cat/academy/</a></p>
<p><a href="https://www.gerardesteva.cat/wp-content/uploads/2022/09/210308_8M_CursWESE_foto1-1-scaled.jpg"><img fetchpriority="high" decoding="async" class="wp-image-19659 size-large alignleft" src="https://gerardesteva.cat/wp-content/uploads/2023/08/210308_8M_CursWESE_foto1-1-1024x512-1.jpg" alt="" width="1024" height="512" /></a></p>

<!-- This site is optimized with the Yoast SEO plugin v27.5 - https://yoast.com/product/yoast-seo-wordpress/ -->
<title>WESE, liderazgo deportivo femenino - Gerard Esteva</title>
<meta name="robots" content="index, follow, max-snippet:-1, max-image-preview:large, max-video-preview:-1" />
<link rel="canonical" href="https://gerardesteva.cat/es/projectes/wese-liderazgo-deportivo-femenino/" />
<meta property="og:locale" content="es_ES" />
<meta property="og:type" content="article" />
<meta property="og:title" content="WESE, liderazgo deportivo femenino - Gerard Esteva" />
<meta property="og:description" content="Empoderamiento de mujeres directivas en el mundo del deporte" />
<meta property="og:url" content="https://gerardesteva.cat/es/projectes/wese-liderazgo-deportivo-femenino/" />
<meta property="og:site_name" content="Gerard Esteva" />
<meta property="article:modified_time" content="2023-08-14T16:27:13+00:00" />
<meta property="og:image" content="https://gerardesteva.cat/wp-content/uploads/2023/08/210308_8M_CursWESE_foto1-1-scaled-1.jpg" />
	<meta property="og:image:width" content="2560" />
	<meta property="og:image:height" content="1280" />
	<meta property="og:image:type" content="image/jpeg" />
<meta name="twitter:card" content="summary_large_image" />
<meta name="twitter:label1" content="Tiempo de lectura" />
	<meta name="twitter:data1" content="1 minuto" />
<script type="application/ld+json" class="yoast-schema-graph">{"@context":"https:\/\/schema.org","@graph":[{"@type":"WebPage","@id":"https:\/\/gerardesteva.cat\/es\/projectes\/wese-liderazgo-deportivo-femenino\/","url":"https:\/\/gerardesteva.cat\/es\/projectes\/wese-liderazgo-deportivo-femenino\/","name":"WESE, liderazgo deportivo femenino - Gerard Esteva","isPartOf":{"@id":"https:\/\/gerardesteva.cat\/es\/#website"},"primaryImageOfPage":{"@id":"https:\/\/gerardesteva.cat\/es\/projectes\/wese-liderazgo-deportivo-femenino\/#primaryimage"},"image":{"@id":"https:\/\/gerardesteva.cat\/es\/projectes\/wese-liderazgo-deportivo-femenino\/#primaryimage"},"thumbnailUrl":"https:\/\/gerardesteva.cat\/wp-content\/uploads\/2023\/08\/210308_8M_CursWESE_foto1-1-scaled-1.jpg","datePublished":"2022-01-22T16:42:43+00:00","dateModified":"2023-08-14T16:27:13+00:00","breadcrumb":{"@id":"https:\/\/gerardesteva.cat\/es\/projectes\/wese-liderazgo-deportivo-femenino\/#breadcrumb"},"inLanguage":"es","potentialAction":[{"@type":"ReadAction","target":["https:\/\/gerardesteva.cat\/es\/projectes\/wese-liderazgo-deportivo-femenino\/"]}]},{"@type":"ImageObject","inLanguage":"es","@id":"https:\/\/gerardesteva.cat\/es\/projectes\/wese-liderazgo-deportivo-femenino\/#primaryimage","url":"https:\/\/gerardesteva.cat\/wp-content\/uploads\/2023\/08\/210308_8M_CursWESE_foto1-1-scaled-1.jpg","contentUrl":"https:\/\/gerardesteva.cat\/wp-content\/uploads\/2023\/08\/210308_8M_CursWESE_foto1-1-scaled-1.jpg","width":2560,"height":1280},{"@type":"BreadcrumbList","@id":"https:\/\/gerardesteva.cat\/es\/projectes\/wese-liderazgo-deportivo-femenino\/#breadcrumb","itemListElement":[{"@type":"ListItem","position":1,"name":"Inici","item":"https:\/\/gerardesteva.cat\/es\/inicio\/"},{"@type":"ListItem","position":2,"name":"Projectes","item":"https:\/\/gerardesteva.cat\/es\/projectes\/"},{"@type":"ListItem","position":3,"name":"WESE, liderazgo deportivo femenino"}]},{"@type":"WebSite","@id":"https:\/\/gerardesteva.cat\/es\/#website","url":"https:\/\/gerardesteva.cat\/es\/","name":"Gerard Esteva","description":"Més enllà de l&#039;esport","potentialAction":[{"@type":"SearchAction","target":{"@type":"EntryPoint","urlTemplate":"https:\/\/gerardesteva.cat\/es\/?s={search_term_string}"},"query-input":{"@type":"PropertyValueSpecification","valueRequired":true,"valueName":"search_term_string"}}],"inLanguage":"es"}]}</script>
<!-- / Yoast SEO plugin. -->

Més enllà de l&#039;esport
